 53359?
53359
What are the prime factors of 35015?
5, 47, 149
List the prime factors of 414457.
414457
What are the prime factors of 380187?
3, 14081
What are the prime factors of 577382?
2, 13, 53, 419
List the prime factors of 322294.
2, 7, 23021
List the prime factors of 146689.
383
List the prime factors of 192565.
5, 19, 2027
List the prime factors of 5664007.
947, 5981
What are the prime factors of 19941849?
3, 19, 38873
What are the prime factors of 4487272?
2, 479, 1171
What are the prime factors of 5421224?
2, 109, 6217
List the prime factors of 35079701.
43, 83, 9829
List the prime factors of 560457.
3, 62273
What are the prime factors of 14233590?
2, 3, 5, 7, 17, 443
List the prime factors of 2649990.
2, 3, 5, 7, 12619
List the prime factors of 529952.
2, 16561
What are the prime factors of 2974112?
2, 92941
List the prime factors of 1422584.
2, 177823
List the prime factors of 85435.
5, 7, 2441
List the prime factors of 915094.
2, 457547
What are the prime factors of 11670?
2, 3, 5, 389
What are the prime factors of 7098099?
3, 23, 102871
List the prime factors of 348811.
348811
What are the prime factors of 9102563?
2381, 3823
What are the prime factors of 3011227?
17, 177131
List the prime factors of 4198854.
2, 3, 11, 113, 563
List the prime factors of 186154.
2, 93077
List the prime factors of 963984.
2, 3, 7, 19, 151
What are the prime factors of 409407?
3, 239, 571
List the prime factors of 1542344.
2, 19, 73, 139
What are the prime factors of 810849?
3, 13, 17, 1223
List the prime factors of 560050.
2, 5, 23, 487
What are the prime factors of 19615830?
2, 3, 5, 13, 53, 73
What are the prime factors of 13152678?
2, 3, 7, 11, 83
What are the prime factors of 11250920?
2, 5, 281273
What are the prime factors of 4726863?
3, 175069
What are the prime factors of 1212074?
2, 606037
What are the prime factors of 12955630?
2, 5, 1295563
What are the prime factors of 17441744?
2, 73, 109, 137
List the prime factors of 4299342.
2, 3, 41, 17477
What are the prime factors of 20846855?
5, 23, 181277
List the prime factors of 152231.
152231
What are the prime factors of 832031?
17, 2879
What are the prime factors of 15527246?
2, 7, 73, 15193
What are the prime factors of 1123566?
2, 3, 271, 691
What are the prime factors of 661133?
11, 60103
List the prime factors of 6054590.
2, 5, 557, 1087
What are the prime factors of 955011?
3, 318337
List the prime factors of 275834.
2, 13, 103
List the prime factors of 145968.
2, 3, 3041
List the prime factors of 477301.
11, 43391
List the prime factors of 3306116.
2, 11, 29, 2591
What are the prime factors of 457095?
3, 5, 31, 983
List the prime factors of 3205553.
13, 191, 1291
List the prime factors of 9892502.
2, 19, 260329
List the prime factors of 394019.
394019
What are the prime factors of 3731509?
3731509
What are the prime factors of 126958?
2, 13, 19, 257
List the prime factors of 2998321.
59, 89, 571
What are the prime factors of 475622?
2, 7, 53, 641
List the prime factors of 197827.
7, 59, 479
List the prime factors of 4432454.
2, 13, 151, 1129
List the prime factors of 1303914.
2, 3, 217319
What are the prime factors of 2608170?
2, 3, 5, 86939
What are the prime factors of 356835?
3, 5, 23789
What are the prime factors of 1084231?
107, 10133
List the prime factors of 3230768.
2, 201923
What are the prime factors of 1695083?
13, 101, 1291
List the prime factors of 588947.
588947
List the prime factors of 11674013.
13, 67, 1031
What are the prime factors of 360877?
11, 53, 619
What are the prime factors of 345702?
2, 3, 7, 8231
What are the prime factors of 143210?
2, 5, 14321
What are the prime factors of 128418?
2, 3, 17, 1259
What are the prime factors of 356384?
2, 7, 37, 43
What are the prime factors of 9261?
3, 7
What are the prime factors of 272019?
3, 11, 8243
List the prime factors of 29968149.
3, 19, 23, 22859
What are the prime factors of 364508?
2, 91127
What are the prime factors of 683456?
2, 59, 181
List the prime factors of 7821936.
2, 3, 54319
List the prime factors of 1772564.
2, 23, 19267
List the prime factors of 3226525.
5, 129061
List the prime factors of 12208800.
2, 3, 5, 5087
List the prime factors of 1297807.
7, 185401
List the prime factors of 2113779.
3, 704593
What are the prime factors of 2913712?
2, 182107
List the prime factors of 1340874.
2, 3, 31, 89
List the prime factors of 5687901.
3, 89, 263
List the prime factors of 31760499.
3, 10586833
List the prime factors of 7674465.
3, 5, 511631
What are the prime factors of 860297?
860297
What are the prime factors of 113355?
3, 5, 11, 229
What are the prime factors of 194912?
2, 6091
List the prime factors of 2187443.
139, 15737
What are the prime factors of 8084505?
3, 5, 11, 13, 3769
List the prime factors of 39556.
2, 11, 29, 31
What are the prime factors of 653473?
653473
What are the prime factors of 452978?
2, 293, 773
List the prime factors of 1455403.
1455403
List the prime factors of 3015364.
2, 11, 68531
What are the prime factors of 280042?
2, 7, 83, 241
What are the prime factors of 4080415?
5, 109, 7487
List the prime factors of 7492914.
2, 3, 11, 13, 41, 71
List the prime factors of 322842.
2, 3, 13, 4139
List the prime factors of 3908990.
2, 5, 47, 8317
List the prime factors of 965371.
11, 19, 31, 149
List the prime factors of 3765022.
2, 227, 8293
What are the prime factors of 11637649?
43, 241, 1123
What are the prime factors of 278787?
3, 19, 67, 73
What are the prime factors of 14461694?
2, 13, 556219
What are the prime factors of 1748336?
2, 113, 967
List the prime factors of 601493.
31, 19403
What are the prime factors of 1829999?
17, 107647
List the prime factors of 4567188.
2, 3, 107, 3557
What are the prime factors of 6936630?
2, 3, 5, 59, 3919
What are the prime factors of 1207083?
3, 402361
What are the prime factors of 283416?
2, 3, 7, 241
List the prime factors of 633524.
2, 251, 631
What are the prime factors of 24292027?
317, 76631
List the prime factors of 1895924.
2, 473981
List the prime factors of 85161.
3, 28387
What are the prime factors of 1556947?
7, 97, 2293
List the prime factors of 693282.
2, 3, 115547
List the prime factors of 2383181.
1483, 1607
What are the prime factors of 3633348?
2, 3, 302779
List the prime factors of 12890960.
2, 5, 161137
List the prime factors of 17382521.
13, 59, 131, 173
List the prime factors of 206461.
206461
What are the prime factors of 2089569?
3, 696523
What are the prime factors of 3216955?
5, 7, 107, 859
What are the prime factors of 27600705?
3, 5, 11, 37, 137
List the prime factors of 2614839.
3, 871613
List the prime factors of 3928813.
7, 67, 8377
List the prime factors of 290694.
2, 3, 48449
List the prime factors of 5760422.
2, 683, 4217
List the prime factors of 159248.
2, 37, 269
List the prime factors of 568586.
2, 284293
What are the prime factors of 11642674?
2, 101, 57637
List the prime factors of 1521664.
2, 743
What are the prime factors of 12500956?
2, 13, 311, 773
What are the prime factors of 38673337?
31, 1247527
List the prime factors of 246757.
7, 35251
List the prime factors of 4360880.
2, 5, 19, 151
List the prime factors of 1285569.
3, 142841
List the prime factors of 2228888.
2, 278611
List the prime factors of 5464148.
2, 331, 4127
List the prime factors of 1616086.
2, 37, 21839
What are the prime factors of 410851?
7, 58693
List the prime factors of 7208597.
11, 67, 9781
What are the prime factors of 948114?
2, 3, 52673
What are the prime factors of 33637066?
2, 16818533
What are the prime factors of 969795?
3, 5, 23, 937
What are the prime factors of 9591542?
2, 19, 252409
What are the prime factors of 7726736?
2, 337, 1433
What are the prime factors of 8182140?
2, 3, 5, 31, 53, 83
List the prime factors of 4278241.
11, 388931
List the prime factors of 74484.
2, 3, 2069
List the prime factors of 639725.
5, 25589
List the prime factors of 1389604.
2, 347401
List the prime factors of 198445.
5, 13, 43, 71
List the prime factors of 17833362.
2, 3, 19, 311, 503
What are the prime factors of 10178520?
2, 3, 5, 11, 701
What are the prime factors of 206960?
2, 5, 13, 199
List the prime factors of 167699.
7, 23957
List the prime factors of 349490.
2, 5, 34949
What are the prime factors of 11331226?
2, 23, 31